divisor of i and 56.
7
Let q(a) = -25 - 40 - 82*a + 95. Let l be q(-6). What is the highest common factor of 29 and l?
29
Let t(s) = 4*s + 3. Let i be t(4). Let f(c) = 6*c - 23 + 9*c + 7*c - 6*c. Let d be f(5). Calculate the highest common divisor of d and i.
19
Suppose -3*a = -0*a + 6, 3*a + 51 = 3*h. Suppose -z - 4*c = -3 - h, 0 = -5*z + 5*c + 165. Calculate the highest common factor of z and 120.
30
Suppose 0 = -5*z - 15, 630*d - 632*d + 5*z = -5861. Calculate the greatest common factor of 79 and d.
79
Let k be (-2)/(-30)*33 + (-8)/(-10). Suppose -k*m = -121 - 11. What is the greatest common divisor of 11 and m?
11
Let s(k) = 192*k**2 - 8*k - 130. Let l be s(-4). Calculate the highest common factor of l and 2.
2
Let t be 8/24 + 524/12 + -1. What is the greatest common factor of t and 129?
43
Suppose -i + 2*i = 2. Let y(l) = l**3 + 6*l - 8. Let t be y(i). What is the highest common divisor of t and 192?
12
Let h be (2 + -7)/(-13 - -12). Suppose h - 21 = -y. What is the greatest common factor of y and 8?
8
Let m = 5934 - 2515. What is the greatest common divisor of m and 26?
13
Let y(s) = 39*s - 1904. Let h be y(56). What is the greatest common divisor of h and 1064?
56
Let m = 330 + -330. Suppose -z - 3*c = -141, m = -z + 13*c - 11*c + 116. Calculate the greatest common divisor of z and 90.
18
Suppose -554*f + 29068 = -502*f. Calculate the greatest common divisor of 516 and f.
43
Suppose -11*x + 21*x = -1560. Let f = 272 + x. Calculate the highest common factor of f and 4.
4
Suppose -94 + 34 = -2*l. Suppose 2*v + 4*y = 104, 3*v - 28*y + 31*y = 168. What is the highest common divisor of v and l?
30
Let x(n) = -3*n**2 + 191*n - 98. Let v be x(63). Calculate the highest common factor of v and 616.
28
Suppose 0 = 4*h - 26 - 118. Suppose -3743*c = -3658*c - 65790. What is the greatest common divisor of c and h?
18
Suppose 0 = 7*b - 3*b - 204. Suppose -3*n - 16 = -2*v + 39, 4*v - 3*n - 95 = 0. Suppose -7*w - 442 = -v*w. Calculate the highest common divisor of w and b.
17
Let c = -4361 - -4943. Calculate the highest common divisor of 78 and c.
6
Let g be ((-30)/25)/(-4 + (-5579)/(-1395)). Suppose g = y + 1267. What is the highest common divisor of 11 and y?
11
Let n(l) = -l**3 + 5*l**2 - 3*l + 11. Let f be n(5). Let d(x) = -x**3 - 4*x**2 - 6*x + 4. Let a be d(f). Calculate the highest common factor of a and 49.
7
Suppose 0 = -5*x + 2*c - 805, 0*x = 3*x - c + 483. Let b = -26 - x. Let k = -58 + 112. What is the highest common factor of b and k?
27
Let i be (-27 - 0)*((-3)/(-2))/(38/(-76)). What is the highest common factor of i and 1?
1
Suppose 2*z - 3*b - 61 - 131 = 0, -2*z - b + 192 = 0. Let d = -336 + 360. Calculate the highest common factor of d and z.
24
Suppose 451*b = -13866 + 81516. What is the greatest common factor of 4575 and b?
75
Suppose 13*t + 1587 = 3*s + 9*t, 3*s + 4*t - 1563 = 0. Calculate the highest common factor of s and 273.
21
Let v = 228539 + -228523. Let f be -2 + 2/2 + 1. Suppose f = u - 5 - 11. What is the greatest common factor of v and u?
16
Let q(f) = f - 5. Let w be q(4). Let h(i) = -11*i - 5. Let x be h(w). Let u be (44/x - (-7)/(-21)) + 3. What is the greatest common divisor of u and 40?
10
Let h(p) = 4*p**3 + 50*p**2 + 23*p + 64. Let x be h(-12). Calculate the highest common factor of 361 and x.
19
Let g = 2286 - -23077. What is the greatest common factor of g and 13?
13
Suppose 0 = 5*p - s - 1247, -3*p + s + 435 = -312. What is the greatest common divisor of p and 850?
50
Let z(l) be the first derivative of l**4/4 + 20*l**3/3 - 23*l**2/2 - 30*l + 90. Let q be z(-21). What is the highest common factor of 30 and q?
6
Suppose -5*k - 5*g = -30, 2*g + 2*g + 21 = k. Let h = 6932 + -6884. What is the highest common factor of k and h?
3
Suppose -130*f = -100*f - 360. What is the highest common factor of f and 6252?
12
Suppose -17*a + 205666 = 17*a. Calculate the greatest common factor of 23 and a.
23
Suppose -3125 = -481*k + 476*k. Let x = 637 - k. What is the highest common factor of 12 and x?
12
Let z be 78/3 - (15 + -19). What is the greatest common factor of 2535 and z?
15
Let f = 476 - 326. Calculate the highest common factor of f and 630.
30
Let u = 559 - 841. Let f be -2*u/14 - 26/91. Suppose 2*y = 5*b - 10*b + 66, -y + b + f = 0. What is the highest common divisor of 57 and y?
19
Let a(m) = 16*m - 1 + 64*m**2 + 3 + 10*m - 25*m. Let r be a(-1). Calculate the greatest common divisor of r and 455.
65
Suppose -w + 579 = 3*l, -843 = -w + 3*l - 252. Suppose -4*d + 13*d = 585. Calculate the greatest common divisor of d and w.
65
Let y(i) = i**3 - 3*i**2 - 10*i + 22. Let n be y(4). Let x be (n - 18/(-12))*-40. What is the highest common divisor of x and 12?
4
Let s = -24 - -26. Suppose -s*a + 7 = t, -2*a - 6*t + 2*t = -10. Suppose 83 = 2*v + 5*y, a*v + 0*v + 2*y = 119. Calculate the highest common divisor of 3 and v.
3
Let v = -6797 + 6845. What is the highest common divisor of 7120 and v?
16
Let r = -20843 - -24462. Calculate the highest common factor of r and 385.
77
Suppose 2*z + 1913 = 3*u, -654 = 5*u + z - 3838. What is the highest common divisor of u and 65?
13
Suppose -w - 16 = -5*w. Let k(u) = -12*u - 24*u - 2*u + 6*u + w. Let j be k(-2). Calculate the greatest common divisor of j and 170.
34
Let k = 29083 + -28995. Suppose l - 202 = 2*s, 0 = 4*l + 2*s - 0*s - 788. What is the highest common factor of k and l?
22
Let s(m) = 10*m**2 + 82*m + 349. Let r be s(-5). Calculate the highest common factor of 651 and r.
21
Let b = -9684 - -9768. Let r = -5 + 10. Suppose 0 = -4*q - 0*a - r*a + 229, -a - 223 = -4*q. Calculate the highest common divisor of b and q.
28
Let p(o) = 2*o**2 - o - 2. Let r be p(2). Let y(c) = -c**2 - 2216*c + 71946. Let l be y(32). What is the highest common divisor of r and l?
2
Let x = 399 - 405. Let p be (-5)/10*(-157 - (x + 1)). Calculate the greatest common divisor of p and 4.
4
Let v(d) = -11*d - 9. Let f = -3 + 0. Let m(z) = z**3 + 2*z**2 - 3*z - 3. Let k be m(f). Let o be v(k). Calculate the highest common divisor of 16 and o.
8
Suppose -m + 5 = 0, 5*p - 393 = -4*m - 13. Suppose 6*o = 37 + 83. Suppose q - o = -2*k, q = 4*q + 2*k - p. What is the greatest common divisor of 182 and q?
26
Let u(h) = -h**2 + 25*h - 33. Let q be u(24). Let t be ((-60)/q)/((-12)/(-18)). What is the highest common factor of t and 180?
10
Let x(w) = w**3 + 3*w**2 - 9*w + 14. Let p be x(-5). Suppose -266*s - p = -275*s. Calculate the highest common divisor of s and 27.
1
Suppose z = 37 - 3. Suppose 0 = m + 5*t - 73 - 281, 0 = 3*m + t - 1118. Calculate the greatest common divisor of m and z.
34
Suppose -17*a + 3*a + 42 = 0. Suppose -4*g = m - 45 - 82, a*m + 3 = 0. Calculate the greatest common factor of 144 and g.
16
Let x = 450 - 470. Let b be (6/(-9) + 2)/(x/(-30)). Let i be (2 - 0/(-1)) + 4. Calculate the highest common divisor of i and b.
2
Suppose 9*j + 16*j + 1787 = 13787. Calculate the highest common factor of j and 360.
120
Suppose -2*d + 0*d = -8. Suppose d*r - 2*o = -168, -5*o = -3*r - 100 - 19. Let c = 44 + r. Calculate the highest common factor of 1 and c.
1
Let w be (-4)/3*-3 - -1. Suppose 3*p + 5*y = p + 327, w*y = -p + 156. Calculate the highest common divisor of 19 and p.
19
Suppose -4*d = 2*d. Suppose 69 = -d*v - 3*v. Let q(c) = -c**3 - 24*c**2 - 24*c + 32. Let u be q(v). Calculate the highest common divisor of 22 and u.
11
Suppose -12*h + 7*h - 5*q - 45 = 0, -2*q = 3*h + 24. Let s(k) = -13*k - 76. Let v be s(h). Calculate the highest common divisor of 62 and v.
2
Suppose -13*n - 8 = -15*n. Suppose -n*w - 4*r = -8, 2*w - 17*r - 4 = -22*r. Calculate the greatest common factor of 62 and w.
2
Suppose -5*w + 3*y = 6*y + 130, -3*w = -y + 92. Let q be 12/8*-2 - w. Let k be (-1014)/(-13) + (0 - 0). What is the greatest common divisor of q and k?
26
Suppose 2*q - 4*z - 39 = 95, 3*z = 21. What is the greatest common divisor of q and 603?
9
Let l(r) = 9*r**2 + r + 1. Let g be l(2). Let w(t) = 156*t**2 + 2*t + 2. Suppose -4*a = -0*a + 4. Let c be w(a). What is the highest common factor of g and c?
39
Let l = -313 + 292. Let k = 28 + l. Calculate the highest common divisor of 105 and k.
7
Let z(l) = l**3 + 66*l**2 + 130*l + 273. Let y be z(-64). What is the highest common divisor of y and 33785?
145
Suppose 17